alculate g(-5).
-3
Let t be (-7)/((-1)/(3/(-3))). Let x(p) = p - 1. What is x(t)?
-8
Let g(d) be the second derivative of -3*d**4/4 + d**2/2 - 9*d. What is g(1)?
-8
Suppose -o = 2*p - 54, -2*p + 4*p + 3*o = 62. Let b be (-3)/(-5) + (-140)/p. Let x(u) = -5*u + 3 - u**2 - 5 - 5. Determine x(b).
-7
Let z(p) = -p**2 + 7*p - 4. Let c(g) = g**2 - 7*g + 5. Let q(x) = -3*c(x) - 2*z(x). Determine q(6).
-1
Let c = 0 - -1. Let y be ((-6)/12)/(c/10). Let w(b) = b**2 + 4*b - 5. What is w(y)?
0
Let b(w) = -37*w**3 + 15*w - 13. Let i(r) be the first derivative of 9*r**4/2 - 7*r**2/2 + 6*r - 5. Let u(t) = -6*b(t) - 13*i(t). What is u(-1)?
11
Let w(k) = k**2 + 5*k - 1. Suppose 118*g = 114*g - 16. Determine w(g).
-5
Let q(l) be the second derivative of -l**6/360 - l**4/12 - 4*l. Let f(o) be the third derivative of q(o). What is f(-4)?
8
Let s(d) = 7*d - 1 + 2 - 3*d + 10*d. What is s(-1)?
-13
Suppose 6 = 3*q + 5*i, q = -2*q + 5*i + 6. Let u(x) = 10 + x**q + 4*x - 9 + 0*x**2. Give u(-4).
1
Let g(k) = -3 + 2 - 26*k**3 - k**2 + 3*k**2. What is g(-1)?
27
Let p(h) = -4*h**2 + h - 1. Let n = -2 + -7. Let r = n + 11. Suppose 0 = m - r*x - 7, -4*m - x + 4*x + 13 = 0. Calculate p(m).
-4
Let g(h) be the first derivative of -h**2/2 + 7*h + 3. Let r(w) = -2*w + 13. Let y(o) = -7*g(o) + 4*r(o). Determine y(-3).
6
Suppose -339 = -4*z + z. Let d(g) = g**2 - 2*g - 114 - g + z. What is d(5)?
9
Let t be (-30)/24 + 6/4. Let z(o) be the first derivative of 5/3*o**3 - o**2 - t*o**4 + 7*o - 1. Determine z(5).
-3
Let t(m) = m - 1. Suppose -2*q - 3*i - 3 = q, 1 = -2*q - i. Let g be t(q). Let x = g + 2. Let v(c) = 7*c - 1. What is v(x)?
6
Suppose -3*t = 3*i + 2*i - 45, 5*t - 25 = 0. Let m(z) be the third derivative of z**4/12 - z**3 + z**2. Determine m(i).
6
Let l = 24 - 22. Let q(r) be the third derivative of r**5/30 - r**4/12 + r**3/3 + r**2. Give q(l).
6
Let x(a) = 7*a - 3. Let y be ((-4)/((-4)/1))/(1/3). Calculate x(y).
18
Let s(b) = -b + 3. Suppose -12*p + 46 + 14 = 0. Determine s(p).
-2
Let g(o) = 2*o + 1. Let x(v) = -3*v. Let t(y) = -y**2 + 4*y. Let f(b) = -3*t(b) - 4*x(b). Let k be f(1). What is g(k)?
7
Let x(h) be the third derivative of h**4/24 + h**3 + h**2. Suppose -4*y = -3*g + 12, -3*g - g = -5*y - 15. Suppose g*v = -4*v. Give x(v).
6
Suppose -1 = -l + 2. Let k(d) = 3*d + 4*d**2 - 4 - 2*d**l - 8*d + 3*d**3. Let j(o) = -4*o**2 - o. Let y be j(1). Give k(y).
-4
Let p(u) be the third derivative of u**4/24 + 29*u**2. Determine p(-2).
-2
Suppose a = 3*n, -5*a - 5*n = -4*n. Let b(x) = 2*x - x + a*x. What is b(0)?
0
Let w(l) = 4*l**2 + 11*l - 4. Let r(y) = -3*y**2 - 10*y + 4. Let c(a) = -5*r(a) - 4*w(a). Let f(q) = -q**3 + 2*q + 1. Let x be f(-2). What is c(x)?
1
Let r(u) = -u**3 + 3*u**2 + 2*u - 2. Let c(b) = -4*b**3 - 2 - 5*b**2 + 6*b**3 - 4*b + 5. Let y(o) = 2*c(o) + 5*r(o). What is y(5)?
6
Suppose 0*q + 15 = 5*q. Let l(k) = k**2 - 4*k + 3. Let u(v) = v - 1. Let y(z) = -l(z) - 2*u(z). Give y(q).
-4
Let q be (-2)/(2 - (-14)/(-6)). Suppose -2 + q = 2*y. Let p(f) = -5*f**2 - 2*f + 0 - 1 - 3*f**y. Determine p(-1).
-7
Let n(h) = -h**2 + 1. Let z(f) = f**3 + 9*f**2 + 4*f - 2. Let y(r) = -6*n(r) - z(r). Let u = 4 - -9. Let b = u + -16. Calculate y(b).
8
Let v(x) = x**3 - x + 5. Let c be v(0). Suppose 8 = -c*k - 17. Let a = 10 + k. Let g(t) = -t + 2. Give g(a).
-3
Let q(p) = p + 6. Let h be (-4)/6 - (-33)/9. Suppose -4*c - t - 7 - h = 0, t = c + 5. Give q(c).
3
Let d(r) = 5 - 29*r + 14*r + 14*r. Determine d(-4).
9
Let s(b) = -b + 12. Let y be s(12). Let z(r) be the third derivative of -2*r**2 + 0 + y*r + 1/4*r**4 - 1/3*r**3 + 1/120*r**6 - 1/10*r**5. What is z(5)?
3
Let p(k) be the first derivative of -k**7/120 - k**4/24 - 2*k**3 - 9. Let d(z) be the third derivative of p(z). Give d(1).
-8
Let r(k) = k**2 + k - 2. Let g be (-8)/2*(0 + -2). Suppose -g = -0*s - 2*s. Let h = s + -1. Calculate r(h).
10
Let w(d) be the first derivative of -d**3/3 + d**2/2 - 11*d + 2. Let k be 3*(80/15 + -5)*0. Calculate w(k).
-11
Suppose 6*q = 3*q. Suppose 3*b - b - 4 = q. Let k(r) = -6*r + 5*r**2 - r**2 - 3*r**b + 4 + 0. What is k(4)?
-4
Let i(h) be the third derivative of -h**4/8 + h**3/6 + h**2. Let g(w) = 2*w. Let s = -3 - 0. Let r(l) = s*i(l) - 5*g(l). Determine r(-4).
1
Suppose -4*k - 6 = 4*i + 6, -23 = 5*i + 3*k. Let z = 3 + i. Let x(b) = 2*b + 5. Determine x(z).
-3
Let h(f) = -2*f**2 + 5*f + 2. Let i(l) = 0*l - l - 1 + 0*l + l**2. Let k(p) = -h(p) - i(p). Let u(v) = 3*v + 1. Let n be u(1). Determine k(n).
-1
Let a(w) be the second derivative of w**6/60 - w**5/120 + 11*w**4/12 + 10*w. Let j(n) be the third derivative of a(n). Give j(-1).
-13
Let v = -9 + 4. Let z(y) = -y**3 - 4*y**2 + 4*y + 2. Determine z(v).
7
Let t = 10 + -8. Suppose 4 = 2*p - t. Let u(z) = z**3 - 3*z**2 + 2*z - 2. Give u(p).
4
Suppose -s + 17 - 10 = 0. Let g(p) = -p + 10. Determine g(s).
3
Let j(m) = -4*m**2 - 7*m + 4. Let b(w) = -3*w**2 - 7*w + 4. Let a = 4 - 9. Let g(i) = a*b(i) + 4*j(i). Calculate g(6).
2
Let v(y) = y**3 - 2*y**2 - 7*y. Let t(m) = -3*m**3 + 5*m**2 + 20*m + 1. Let n(l) = 4*t(l) + 11*v(l). Calculate n(-3).
4
Suppose -5*d - 3*a + 90 = a, 54 = 3*d - 3*a. Let b be (26 - d)/((-2)/1). Let i(p) = -p. Determine i(b).
4
Suppose -5*d = -4*d. Let t(m) = -m**2 + 8. Give t(d).
8
Let m(f) = -4 - f + 10*f + 8. Let s(p) be the third derivative of -p**4/12 - p**3/6 - 3*p**2. Let n(y) = -6*m(y) - 26*s(y). Determine n(-3).
8
Let c(y) = -5*y**2 - 9*y - 8. Let o(f) = 3*f**2 + 5*f + 4. Let a(h) = 4*c(h) + 7*o(h). Let x be -2*2/12*-9. Calculate a(x).
2
Let i(s) be the first derivative of -3*s**4/2 + s - 3. What is i(1)?
-5
Let v(w) be the second derivative of w**3/6 - w**2 + w. Let b = -4 + 7. Suppose 0 = -2*f + b*p + 12, -5*p + 24 = 4*f - 0*p. Give v(f).
4
Let h(b) = -4*b - 2. Let z(x) = 9*x + 4. Let q(g) = 13*h(g) + 6*z(g). Let a(r) = -r**2 - 13*r - 2. Let j be a(-11). Suppose -5*k + 5 = -j. What is q(k)?
8
Let d(u) = 0 - 2*u - 3 + 11 - 10 + u**2. What is d(-2)?
6
Let o(t) = -t**3 - 4*t**2 + 3. Let w be o(-3). Let q(c) = -3 + 3*c - 3*c - c. Give q(w).
3
Let b(x) = 3*x**2 + 2*x + 1. Let d be b(-1). Let h(g) = -3*g + 2*g - 3*g + 6*g**d - g**3 + 7 + 3*g. Determine h(6).
1
Let q(c) = -c**3 - 11*c**2 + 12*c - 4. Suppose 3*k = -2*w - 33, 4*w + 3*k = w - 45. Determine q(w).
-4
Let h(u) = -u - 7. Let x be 3 - 1 - (0 + 8). Let r(d) = -d + 11. Let a be r(5). Let o = a + x. Give h(o).
-7
Let k(z) = 3*z**3 - 18*z**2 + 7*z - 3. Let l(m) = 2*m**3 - 12*m**2 + 5*m - 2. Let j(r) = -5*k(r) + 8*l(r). Calculate j(5).
-1
Suppose 4*h - 10 = 14. Let r = -12 + h. Let x(g) = g**3 + 7*g**2 + 8*g + 6. Determine x(r).
-6
Let u(x) = -2*x + 1. Let b(n) = n**2 + 6*n + 6. Let v be b(-4). Let w be u(v). Suppose 3*d + 14 = o + 4, 10 = -w*o. Let s(q) = q + 3. What is s(d)?
-1
Suppose -4 = -4*o - 28. Let r(w) = -w - 11. Give r(o).
-5
Let y(p) = 3*p + 3. Let a = -10 - -12. Suppose -1 - a = r. Determine y(r).
-6
Let k = -26 + 29. Let l(f) be the first derivative of 3/2*f**2 + k*f + 2 - f**3 - 1/4*f**4. Determine l(-3).
-6
Let y(p) = -p**2 + 6*p + 2. Let j be 0 - -1*(4 + 2). What is y(j)?
2
Let a(n) = -3*n + 3. Suppose 3*z - 5*s + 3 = 0, -6 = -3*z + 4*s - 2*s. Let t = z - 1. Determine a(t).
-6
Let s(i) = i**2 - 3*i + 3. Let h(b) be the third derivative of b**5/60 + 5*b**4/12 - 3*b**2. Let m be h(-10). Suppose -3 = -d - m*d. Give s(d).
3
Let n(t) be the third derivative of t**5/60 - t**4/24 - t**3/3 - 12*t**2. Calculate n(0).
-2
Let f(b) = -4*b - 12. Let j(u) = -4*u - 11. Let z(d) = -4*f(d) + 5*j(d). Determine z(-5).
13
Let g(b) be the third derivative of b**6/120 + b**5/12 - b**4/6 + b**3 - b**2. Suppose w - 4*w = -3*u + 27, -4*u + 12 = 0. Determine g(w).
-6
Suppose -3*z - 3 = -n + 4, 3*n - 5 = 5*z. Let x(d) = d**3 + 3*d**2 - 3*d - 1. Give x(z).
-5
Let z(m) = -m. Let j(i) = i**2 + 6*i + 1. Let d(p) = -j(p) - 6*z(p). Calculate d(-1).
-2
Let h(o) = -o**3 - o**2 + 4*o. Let q be h(-3). Let a(r) = -r - 2*r - 3*r**3 + 2*r**3 + q + 0*r**3 - 6*r**2. Give a(-5).
-4
Let l(b) be the second derivative of b**5/20 - b**4/4 + b**3/6 + b**2 + 22*b. Calculate l(2).
0
Let v(n) = n**3 - 5*n**2 + 6*n - 7. Let c(u) = -1. Let k(x) = -5*c(x) + v(x). What is k(4)?
6
Let s be -6*(-3 + 1)/6. Let f(x) = -4*x**2 - 2*x + 5*x + x**2. Calculate f(s).
-6
Let o(l) = -l**3 - 4*l**2 - 3*l - 4. Let d 